*c - 16*c - 5084408 = 0. Is c a composite number?
False
Let f = 563982 - 24331. Is f a prime number?
False
Is 1307*-8*143/(-88) composite?
True
Suppose l - 171497 = 4*w, -26*l + 21*l + 857605 = 4*w. Is l prime?
True
Let z(k) be the first derivative of -137*k**2 - 131*k - 236. Is z(-16) a prime number?
True
Let p be (2 - 2 - -3)*1. Suppose -1447 = -5*t + 4*u, -3*u - 487 - 380 = -p*t. Let y = -164 + t. Is y prime?
True
Let q be 5*(2 + -1) + -4. Suppose -3*v = 5*b - 13, -3 = -b - 2*v + q. Suppose b*m + 2*g = 2036, 3*g = -0*m + m - 1018. Is m prime?
False
Suppose 3*x - l = 2*x + 58, -x + 3*l + 54 = 0. Suppose -6*s + 4*s - 24 = -2*r, -5*s + x = 5*r. Suppose -r*d + 7*d = -5615. Is d prime?
True
Suppose -s + 36 = -4*n, -5*n + 2*s = 5*s + 28. Is 1 - 5 - (112/n - 10659) prime?
False
Suppose -5*g - 6 - 9 = 5*y, -g - 6 = -2*y. Is 658/(-8)*-70 + (-2)/g a composite number?
True
Let z(y) = -y**2 + 34*y - 72*y + 31*y - 16. Let a be z(-5). Is (-787)/a - (-1)/(-6) a prime number?
True
Let c(v) = -244*v**2 + 4*v - 6. Let a be c(2). Let u = 3573 - a. Is u a composite number?
False
Suppose 0 = 20*g - 9*g - 410509. Is g prime?
False
Let l(s) = 221*s**2 + 5*s + 9. Let f be l(-2). Is ((-16)/6)/((-28)/42) + f prime?
True
Let s = -14116 - -29451. Is s a composite number?
True
Suppose 6 = 2*d, -167*k - 3*d = -165*k - 56927. Is k a composite number?
True
Let l be (45/6)/5 - (-1064547)/(-6). Let u = -103810 - l. Is u prime?
True
Suppose 3*h + l - 82 = 0, 1 = 4*l + 9. Suppose 27*w - h*w = -5*g - 22209, -8 = -2*g. Is w a composite number?
False
Let w(q) be the third derivative of 47*q**5/30 - 5*q**4/12 + q**3/3 + q**2 - 73*q. Is w(5) a composite number?
True
Let p(x) = -x**2 - 13*x + 9. Let w be p(-7). Let f = -47 + w. Suppose f*d = 14 + 350. Is d composite?
True
Let b(t) = 17*t + 451. Let o be b(0). Let s(i) = i**3 - 6*i**2 + 8*i - 6. Let z be s(5). Suppose 0 = z*d - 4438 + o. Is d composite?
False
Suppose 0 = -3*n + 6*n + 372. Let g = n + 242. Is g a composite number?
True
Suppose 97*w - 1870191 = 95*w - z, -3740347 = -4*w + 5*z. Is w a composite number?
False
Let n(p) = -3*p**3 - 352*p**2 + 418*p + 247. Is n(-122) a prime number?
True
Let r(u) = 4433*u + 81. Let k = -892 + 896. Is r(k) prime?
False
Let a = -30590 + 146247. Is a a composite number?
False
Suppose 0 = 5*s - 2*o + 113, -s + 3*s = 5*o - 41. Let z = 6 + s. Let p(r) = -231*r - 46. Is p(z) composite?
False
Suppose -4*y + 10*y - 24 = 0. Suppose y*x + 39 = 7. Let r = x + 639. Is r a prime number?
True
Let u be 38/(-95) + (-27)/(-5). Suppose -5*t = -4*t - g - 154, 25 = -u*g. Is t a composite number?
False
Let c be -21 + 26 - (1 + -1). Suppose 25667 + 34308 = c*l. Is l prime?
False
Suppose 0 = 20*w - 21*w + 1. Suppose -l + b - 3 + 8 = 0, -5*l - 3*b + w = 0. Suppose -5*g + 0*y + 2*y = -782, 3*g - 466 = l*y. Is g prime?
False
Suppose 9*b = 5*b. Suppose -20*c + 48587 + 36473 = b. Is c composite?
False
Suppose -6 = -6*o - 0. Let x be (-1)/(2/(-4)) - o*3. Let t(a) = 928*a**2 - 2*a - 1. Is t(x) a prime number?
True
Let l(z) = z**2 - 17*z + 27. Let q be l(14). Is 7491/15 - (-6)/q a composite number?
False
Let l(r) = 2*r**3 - 10*r**2 + 20*r - 36. Let d be l(7). Suppose d*g + 51745 = 305*g. Is g a prime number?
False
Let n(c) = 134*c + 403. Is n(60) a prime number?
True
Let o(m) = 628*m**2 + 28*m + 1. Is o(3) a prime number?
True
Let b = -372574 - -624851. Is b composite?
False
Suppose t + 0 = 3. Suppose 4*g - t = 3*r, -2 = -5*g + 13. Suppose 0 = 2*w - r*h - 3512, -1773 = -3*w - 4*h + 3512. Is w a prime number?
True
Let i(u) = 76*u**2 + 18*u - 36. Let h be i(2). Suppose -y - 4*l = -189, -2*l = -y + 142 + 23. Let k = h - y. Is k a composite number?
False
Let c be (12/10)/(7/(-105)). Let a be 8/c*(-135)/30. Suppose 2*x - 5*h = 264, a*x + 0*h + h - 252 = 0. Is x a prime number?
True
Is 4265249/74 - ((-3)/(-12) + 5/4) prime?
True
Let x = 1261223 + -190674. Is x a composite number?
True
Suppose -2*a - 2*o = -6*o - 54170, -4*a = -2*o - 108358. Is a a composite number?
False
Suppose -5*l + 1222 = 127. Suppose 11 = 2*y - l. Suppose y = -q + 1808. Is q composite?
False
Let h(d) = -d**3 + 5*d**2 - 3*d + 4. Let n be h(3). Let s(i) = 11*i + 16*i**2 + 3*i - 12*i**3 + 8 + 11*i**3 - 30. Is s(n) a prime number?
False
Suppose -1 = -2*l - 3, 4*c = -5*l + 1247. Let b = 24 + c. Is b a composite number?
False
Let c be -1 + (-54400)/(2 + -6). Is (2/6)/(3/c) composite?
False
Suppose h = 4*f - h - 11284, 0 = -4*f + 4*h + 11292. Is f a prime number?
True
Let s be 1/(-3) + 230/69. Suppose -9 = -5*v + s*w, 0 = 2*v + v + 4*w - 17. Suppose v*z - 3*h - 1577 = -h, -4*h + 549 = z. Is z composite?
True
Is (-1)/(-1)*((-2)/(-47) - 13821778/(-1786)) composite?
True
Let n(l) = l - 15 + 2*l**3 + 5*l - l + 9*l**2 - 11*l. Is n(8) composite?
True
Suppose 14*s + 24 = -n + 13*s, 4*n - 3*s + 68 = 0. Is (10/n)/((-1)/(-47452)*-2) prime?
True
Let j = -408098 - -735225. Is j a prime number?
True
Suppose 18*t - 20*t = 2*d - 8, 0 = 4*t + 3*d - 14. Suppose 0 = g + 5*x - 2073, 0 = g + 2*x + t*x - 2069. Is g a prime number?
True
Suppose -2*r = -5*c + 182129, 5*r + 65660 = 5*c - 116445. Is c a composite number?
True
Let s = -4663 + 13326. Is s composite?
False
Suppose 5*h + 7*h - 60 = 0. Suppose -h*o + 3*o = -2554. Is o a prime number?
True
Suppose -5*z = -20, x = 2*x - 5*z - 11470. Suppose 11*w - 6*w - x = 0. Suppose 0 = 5*o - w - 2087. Is o prime?
True
Is (((-9402195)/(-22))/15)/((-3)/12*-2) a prime number?
True
Let y = 391 - 391. Suppose 2*m - 5499 = -5*f - 992, -f + 2*m + 899 = y. Is f a composite number?
True
Let k = -76123 - -215676. Is k composite?
True
Suppose 7*i - 3 + 31 = 0. Let s(c) = 971*c + 4. Let m(q) = -q - 1. Let r(k) = i*m(k) - s(k). Is r(-1) a composite number?
False
Is (413872/48)/(4 + (-22)/6) a composite number?
False
Let i(q) = 1270*q - 7468. Is i(47) a composite number?
True
Suppose -149*q = 3*u - 144*q - 9966, -3*q = 6*u - 19953. Is u a prime number?
False
Is (23/46)/(-2*3/(-79284)) a prime number?
True
Let q(f) = -10*f + 75. Let z be q(7). Let b(d) = 903*d - 36. Is b(z) prime?
False
Let s(k) = -13*k**3 + 19*k**2 - 14*k + 79. Is s(-17) composite?
False
Let b be (-16)/(-32)*(-2 - -2). Suppose -x - 5*w = -0*w - 1703, b = -x + 4*w + 1685. Is x composite?
False
Let l = 82954 + -8941. Is l a composite number?
True
Let c = 282766 - 188852. Is c prime?
False
Is 15/(-3) + 26302 + (13 - 1) a composite number?
False
Let c(u) = 28*u - 3*u**3 - 1 - 9*u**2 + 5*u**3 - 19*u**2. Let l be c(19). Let a = l + -686. Is a prime?
False
Let y(a) = 141*a**2 + 20*a - 13. Let p(d) = -423*d**2 - 59*d + 40. Let b(t) = 2*p(t) + 7*y(t). Is b(4) composite?
False
Let a(x) = 3990*x**2 - 207*x + 1520. Is a(7) a composite number?
False
Suppose 4*m + 12 = 0, -10*n + 8*n = -2*m - 286196. Is n a prime number?
False
Let t(f) = 13*f**2 - 22*f - 2. Suppose 39 = -9*y + 22*y. Is t(y) a composite number?
True
Suppose 18520 = 4*c + q, 4*c - 4*q + 9*q - 18520 = 0. Is (1/(-2))/((45/c)/(-9)) composite?
False
Suppose -20 = -w + 5*b, -2*w + b + 28 = -21. Is w/15 + 4030/3 a prime number?
False
Suppose 4*c - 20 = -8*l + 4*l, 0 = -2*l. Suppose -1 = x - 3*k - 4, 39 = -c*x - 3*k. Is x/(-15) + (-3766)/(-10) a composite number?
True
Let p(x) = -x**2 - 13*x - 8. Let m be p(-12). Let v be -1 - -2 - (116 + m). Let u = v + 206. Is u a composite number?
True
Suppose -545*r + 562*r = 2411467. Is r a prime number?
True
Let k(y) = -8*y**3 + 5*y**2 + 23*y - 12. Let j be k(10). Is (-2*j/6)/((-6)/(-9)) a composite number?
True
Suppose 4*r + 4*i - 1284944 = 0, -i + 642442 = 2*r - 5*i. Is r prime?
False
Is (-18830 - -31)/((10/(-15))/((-4)/(-6))) prime?
False
Let s = -405 - -393. Is -541*((s - -5) + 4 + -2) composite?
True
Suppose -1404*f - 15665745 = -1419*f. Is f a composite number?
False
Let b(g) = 221*g**2 - 9*g + 1. Let i(m) = -3*m**2 - 5*m. Let v(n) = 7*n**2 + 11*n. Let y(z) = -9*i(z) - 4*v(z). Let f(k) = b(k) + 6*y(k). Is f(1) prime?
False
Let c(h) = 65180*h**2 - 12*h + 28. Let m be c(4). Is m/175 + 1/(-5) a composite number?
True
Suppose k - 336060 = x, 5*x + 26 = 21. Is k a prime number?
True
Suppose 8 = -4*x + 2*s, 0 = 6*x - 4*x - 2*s + 6. Is -6 + x - (-1629 - -21) composite?
False
Suppose i = 4*r - 0*r - 103, 2*r + i - 53 = 0. Suppose -3*a = -24*c + r*c - 14279, -3*a = -c - 14276. Is a a composite number?
